) = -4*y**3 + 2*y**2 + 2*y + 2. Let f be p(3). Let j be 0 + (0 - f) + -2. Suppose b + k = 19, 2*b - j = -2*b - 3*k. What is the tens digit of b?
2
Let t(p) = -p + 9. Let f be t(-18). Let k = -28 + f. What is the units digit of 3 + k - (-7 - -4)?
5
Let j be (-3311)/(-66) - (-2)/(-12). Let f = j - -147. What is the tens digit of f?
9
Let x(h) = -224*h**3 - h**2 - 4*h - 2. What is the units digit of x(-1)?
5
Let t(i) = -3*i - 59. Let p be t(-17). Suppose 4*h - 4 - 60 = 0. Let g = p + h. What is the units digit of g?
8
Let v = -1569 + 4199. What is the thousands digit of v?
2
Suppose 373 = 5*v + 3*p, -5*v = -0*p - 2*p - 393. Suppose -2*b - 4 = -0*b, -3*b - v = -i. What is the tens digit of i?
7
Let h(w) = 86*w - 3. Let n(x) = x**3 + 5*x**2 + x + 6. Let z be n(-5). What is the units digit of h(z)?
3
Let q(k) = k**2 - 7*k + 12. Let l be q(5). Suppose 3*o - 2*u - 199 = -l*o, -o + 43 = -2*u. What is the units digit of o?
9
Suppose -2*h = 3*h - 95. Let p = h - 34. Let o = -11 - p. What is the units digit of o?
4
Suppose 30 = -3*s + 5*s. Suppose -5*i - 5*g + s = 0, -4*i + 15 = g - 0. What is the units digit of 122/4 - i/8?
0
Let n be 84*(0 - 8/(-12)). Suppose 4*u + 3*b = 109, 0*b - n = -2*u - 2*b. What is the units digit of u?
5
Let a = 970 + 712. What is the thousands digit of a?
1
Let u(q) = 4*q - 16. Let i be u(5). Suppose -c - 4 + 25 = -2*f, -2*f = i*c - 84. What is the units digit of c?
1
Let w be -3*(-5 - -3) + 2. Let q = w + -8. Suppose v - 24 - 2 = q. What is the tens digit of v?
2
Let i(g) = 2*g**2 + g - 2. Suppose 4*c - 2*h - 60 = 0, c + 3*c + 5*h - 32 = 0. Let k(a) = -a + 17. Let s be k(c). What is the tens digit of i(s)?
3
Suppose 1 = 5*u - 9. Suppose -j + 146 = 4*y - 178, -324 = -4*y - u*j. What is the units digit of y?
1
Suppose -6*b + 64 = -896. Let u = b + -36. What is the units digit of u?
4
Let y = 3105 + -1888. What is the thousands digit of y?
1
Suppose 25 + 15 = -4*a. What is the tens digit of (-12 - a)*(-53)/2?
5
What is the hundreds digit of 1009 + (-144)/40 + (-4)/10?
0
Suppose -3*y = 4*o - 0 - 19, 0 = 2*o - 2. Suppose -3*m = -2*p + y*p - 3, -5*p = -5*m - 15. Suppose r - p = 1. What is the units digit of r?
3
Let k = 7493 - 4036. What is the hundreds digit of k?
4
Suppose 2*x + l + 1797 - 626 = 0, 0 = 4*l + 4. Let t = -417 - x. What is the units digit of t?
8
Let l = 456 + 183. What is the tens digit of l?
3
Suppose 0*c + 24 = -4*c + 5*x, 3*c + 18 = -x. Let f = -5 - c. What is the units digit of f?
1
Let j(g) = g**3 - 14*g**2 + 12*g + 17. Let q be j(13). Suppose u - 119 = -n, -476 = -q*n - 2*u + 5*u. What is the hundreds digit of n?
1
Let l(w) = 5*w**2 + 8*w - 109. What is the thousands digit of l(16)?
1
Let k = 24 - 9. Let y be (-18)/k*-5*1. What is the units digit of (-1)/y - (-525)/18?
9
Suppose 16*n - 4572 = 10*n. What is the tens digit of n?
6
Let a(n) = -22*n + 10. Let j be a(-8). Suppose 3*c = c + f + 178, 0 = 2*c - 3*f - j. Suppose -z = -t - 33, 19 + c = 3*z + 4*t. What is the units digit of z?
4
Let a be (-30)/8*(-4)/3. What is the units digit of (-7*a/(-70))/(1/226)?
3
Suppose 8*t - 19608 = -2*v + 22338, -3*t = 3*v - 15723. What is the hundreds digit of t?
2
Let t = 241 - -187. What is the hundreds digit of t?
4
Suppose n - 4*n + 5*y - 244 = 0, 2*y + 85 = -n. Let q = -25 - n. What is the units digit of q?
8
Let v(c) = c**3 + 3*c**3 + 22*c**2 + 30*c**3 - 21*c**2 - 1. What is the tens digit of v(1)?
3
Suppose -2*z + 6 = 0, -3*h + 4*z = -0*z - 5790. What is the hundreds digit of h?
9
Suppose -2*b - h = -1937, -h - 1931 = -2*b + 4*h. What is the units digit of b?
8
Let a = 254 + -122. Let j be (-3)/(-3)*51/17. Suppose j*b = -b + a. What is the units digit of b?
3
Let j = 573 - 569. What is the units digit of j?
4
Let i = 292 - -803. What is the units digit of i?
5
What is the units digit of (-174)/261 + (-778)/(-12)*2?
9
Let d(c) = c. Let t be d(5). Suppose 0 = -o - t*h + 18, 3*h - 5 = o + 9. What is the tens digit of o/1*(-145)/10?
2
Let d = -838 - -1953. What is the thousands digit of d?
1
Suppose 22 = -3*y + 7. Let c = y + 8. What is the units digit of c?
3
Suppose 8*o = 6*o + 2. What is the tens digit of (-24)/(-72)*618/o?
0
Let x(k) = k**3 + 5*k**2 - 19*k + 13. What is the hundreds digit of x(7)?
4
What is the tens digit of (-9 - (-7 + 5)) + 578?
7
Suppose 35*b - 14119 = 1316. What is the hundreds digit of b?
4
Let g be (-32)/(-1) - 6/(-2). Suppose 0 = -v - 16 + 12. Let z = g - v. What is the tens digit of z?
3
Let b = 610 - -80. What is the hundreds digit of b?
6
Suppose -l + 20 = l. Suppose l + 2 = 3*f. Suppose -5*i + f*p = -30, 0 = -5*i - p + 6*p + 35. What is the units digit of i?
2
Suppose g = -0*g + 2. Suppose -5*f + h + 250 = 0, -g*h + 3*h = 5. What is the units digit of f?
1
Suppose -21 = -w + 4*x, 4*x - 19 = -3*w + 5*x. Suppose 4*y = w*h - 131, -1 = -y - 0. What is the units digit of h?
7
Let b(t) = 28*t**2 - t. Let l be b(1). Suppose -30*q + l*q = -396. What is the units digit of q?
2
Suppose 0 = 13*l + 6*l - 12806. What is the units digit of l?
4
Let k = 364 - 81. What is the tens digit of k?
8
Suppose -7*a + 4*a + z + 751 = 0, -3*a - 5*z + 763 = 0. Suppose 2*t + 191 = 4*u - a, 2*t - 2 = 0. What is the units digit of u?
1
Let c be (-1)/((-2)/320) - 1. Let k = 82 + c. What is the units digit of k?
1
Suppose 3*x = -2*p + 3, 2*x - 2 = 7*p - 5*p. Suppose 5*g = g + o + 1009, 0 = -o - x. What is the hundreds digit of g?
2
Suppose -3*u + 2 = n, -u + 4*n + 3 = -2. Let c be (1 + u)*(-14)/4. Let r = 6 - c. What is the tens digit of r?
1
Let o = -101 + 73. Let k = 74 + o. What is the units digit of k?
6
Let n be ((7 - 4) + 2)/1. Suppose n*g + 11 = 526. What is the tens digit of g?
0
What is the tens digit of 550/2 - (4 - -2)?
6
Suppose 3*p + 2*p = 4*j + 22, 2*p + 4*j = -8. Suppose -36 = 3*i + 2*f, p*i + 3 = 2*f - 31. Let z = 25 + i. What is the tens digit of z?
1
Suppose -4*i + 21 = -5*l, -i = -l + 5*l. Suppose -124 - 240 = -i*s. What is the units digit of s?
1
Suppose j - 36 = 5*j. What is the tens digit of 2 + 15/j + 190/6?
3
Let o be (-4 - -1) + 2 + 3. Let k be (-66)/o - (-10)/10. Let m = -4 - k. What is the units digit of m?
8
Suppose a - 369 = 2*s, 2*a - 920 = s + 4*s. Let f = -109 - s. What is the units digit of f?
3
Suppose -d - 5 = 2*d - 4*k, -k = 2*d + 7. Let j(l) = 20*l**3 - 3*l**2 - 4*l - 3. Let o be j(d). What is the tens digit of (-6)/(-14) - o/21?
2
Let f(z) = 12*z + z - 8 - 11 - 13. What is the tens digit of f(11)?
1
Let x = 1078 - -894. What is the hundreds digit of x?
9
Let b = -2 + -4. Let x(m) = m**3 + 6*m**2 - 11*m - 16. What is the units digit of x(b)?
0
Suppose 3*d - 42 = -0*d. Let z = 43 - d. Let h = z - -5. What is the tens digit of h?
3
Let u(r) = r**3 - 2*r**2 - 4*r - 1. Let g be u(5). Let d = 0 - 21. Let x = d + g. What is the units digit of x?
3
Let x(j) = 2*j**3 - 2*j**2 - 3*j + 3. Let g be x(2). Suppose -37 = -f - 4*y + g, -4*f + y + 100 = 0. What is the units digit of f?
6
Let b(x) = -3*x**2 + x - 2. Suppose -2*y + 8 = -3*r, -3*r - y = 1 + 4. Let a be b(r). What is the tens digit of (a/3)/(3/(-9))?
1
Suppose -3*n + 4*y - 7 = 0, n + 4*y - 7*y = -9. Suppose 31 = 2*r - 5*k, -71 = -4*r + 2*r - n*k. What is the tens digit of r?
2
Let k(p) = -p**2 - 16*p + 146. Let a be k(9). Suppose 419 + 141 = 4*d. Let h = a + d. What is the tens digit of h?
6
Let y = -24 - -29. Suppose -y*v + 20 = -3*v. What is the units digit of v?
0
What is the hundreds digit of (-16586)/(-11) + 82/451?
5
Let d(l) be the third derivative of l**5/60 - 11*l**4/24 + 2*l**3/3 + 4*l**2. Let x be d(10). What is the units digit of (-3)/2*8/x?
2
Suppose -c - 343 = v - 35, -3*c + 5*v - 900 = 0. Let b be c/(-35) + 4/14. Let i = 14 + b. What is the tens digit of i?
2
Let u(h) = -227*h + 105. What is the tens digit of u(-2)?
5
Let h be 4 - (-3 + 7 - -150). Let b = -48 - h. What is the hundreds digit of b?
1
Suppose 16*n = 19*n + 315. What is the hundreds digit of ((-8)/(-12) - 5/3)*n?
1
Let n(y) = -y**3 - 5*y**2 - 2*y - 7. Let t be n(-5). Suppose 0*m + t*m = 222. What is the tens digit of m?
7
What is the thousands digit of (1420195/(-75))/(-7) + (-36)/270?
2
Let x be -2*1 + 266/(-7). Let u = 121 + x. What is the units digit of u?
1
Suppose 2138 - 773 = -7*u. Let a = 3 + 3. What is the tens digit of 2*(-2 - u/a)?
6
Let g = 1021 +